{"id":2,"date":"2020-10-07T05:59:37","date_gmt":"2020-10-07T03:59:37","guid":{"rendered":"http:\/\/asimtria.org\/wiskakuayllu\/?page_id=2"},"modified":"2020-11-30T12:01:39","modified_gmt":"2020-11-30T17:01:39","slug":"pagina-ejemplo","status":"publish","type":"page","link":"https:\/\/asimtria.org\/wiskakuayllu\/","title":{"rendered":"\u00bfImatataq Seguridad Digitalmanta yachanchik?"},"content":{"rendered":"<p><img loading=\"lazy\" decoding=\"async\" class=\"size-full wp-image-29 aligncenter\" src=\"https:\/\/asimtria.org\/wiskakuayllu\/wp-content\/uploads\/sites\/15\/2020\/11\/portada.jpg\" alt=\"\" width=\"800\" height=\"450\" srcset=\"https:\/\/asimtria.org\/wiskakuayllu\/wp-content\/uploads\/sites\/15\/2020\/11\/portada.jpg 800w, https:\/\/asimtria.org\/wiskakuayllu\/wp-content\/uploads\/sites\/15\/2020\/11\/portada-300x169.jpg 300w, https:\/\/asimtria.org\/wiskakuayllu\/wp-content\/uploads\/sites\/15\/2020\/11\/portada-768x432.jpg 768w\" sizes=\"auto, (max-width: 800px) 100vw, 800px\" \/><\/p>\n<p><span style=\"color: #993300;\">Wiskaku aylluqa chanka qichwapim uyarinapaq rikunapaqpas video willakuy, chaynallataq anti kastilla simipipas, allin willakuykunata riqsichinapaq aswan kikinchik, anti ayllukuna ima munasqanchiktapas, kay sasachakuy digitalkunamanta allinta lluqsinanchikpaq, chaynallataq allin seguridadwan imatapas allichaykunamanta, kikinchik suyunchikpa ukunpi kallpanchaspa, tukuy ima yachayninchikkunata pikunamanpas mastarichinapaq, Sumaq Yachayninchikwan, Sumaq Kawsayninchikwanpas.<\/span><\/p>\n<p><span style=\"color: #993300;\">Kaypiqa, <a href=\"https:\/\/asimtria.org\/wiskakuayllu\/?page_id=23\"><span style=\"color: #3366ff;\">Ayllunchikwan<\/span><\/a> riqsichiqusqanchikmantam <span style=\"color: #3366ff;\"><a style=\"color: #3366ff;\" href=\"https:\/\/asimtria.org\/wiskakuayllu\/?page_id=31\">silularkunawan internetwanpas<\/a><\/span> willakuyta riqsikunchik, chayraykum tukuy ima runamasinchik yachayninchikta quqarispa imayna digital\u00a0 <span style=\"color: #3366ff;\"><a style=\"color: #3366ff;\" href=\"https:\/\/asimtria.org\/wiskakuayllu\/?page_id=39\">tiqsi muyu manchikuqmanta<\/a><\/span> allinta <span style=\"color: #3366ff;\"><a style=\"color: #3366ff;\" href=\"https:\/\/asimtria.org\/wiskakuayllu\/?page_id=72\">Internetninta puririnanchikpaq<\/a><\/span> rurayninchik, <span style=\"color: #3366ff;\"><a style=\"color: #3366ff;\" href=\"https:\/\/asimtria.org\/wiskakuayllu\/?page_id=80\">kipu siminchik<\/a><\/span>, <span style=\"color: #3366ff;\"><a style=\"color: #3366ff;\" href=\"https:\/\/asimtria.org\/wiskakuayllu\/?page_id=84\">social llikanchikta<\/a><\/span>, <span style=\"color: #3366ff;\"><a style=\"color: #3366ff;\" href=\"https:\/\/asimtria.org\/wiskakuayllu\/?page_id=82\">utqayman apachikuyninchikta<\/a><\/span>, hinaspa tukuy ima kastilla simipi chayaq runakunawan rimariykuna.<\/span><\/p>\n<p><em>Wiskakuayllu es una serie audiovisual en quechua chanka y una serie podcast en espa\u00f1ol andino, cuya finalidad es compartir informaci\u00f3n para qu\u00e9 de manera aut\u00f3noma, comunidades andinas identifiquen sus necesidades y vulnerabilidades en el \u00e1mbito digital y accedan de la misma manera a soluciones de seguridad adecuadas, desde una perspectiva territorial, identific\u00e1ndonos con la Cultura Libre y con los valores del Sumaq Yachay y el Sumaq Kawsay.<\/em><\/p>\n<p><em>Aqu\u00ed, a partir de identificarnos en una <span style=\"color: #3366ff;\"><a style=\"color: #3366ff;\" href=\"https:\/\/asimtria.org\/wiskakuayllu\/?page_id=23\">Comunidad<\/a><\/span>, reconocemos los v\u00ednculos con tecnolog\u00edas como los <a href=\"https:\/\/asimtria.org\/wiskakuayllu\/?page_id=31\"><span style=\"color: #3366ff;\">celulares e internet<\/span><\/a>, y compartimos informaci\u00f3n recogiendo nuestros saberes como usuarias, a cerca de los <a href=\"https:\/\/asimtria.org\/wiskakuayllu\/?page_id=39\"><span style=\"color: #3366ff;\">riesgos en el mundo digital<\/span><\/a> y gestionar de la mejor manera posible nuestro <span style=\"color: #3366ff;\"><a style=\"color: #3366ff;\" href=\"https:\/\/asimtria.org\/wiskakuayllu\/?page_id=72\">navegar por Internet<\/a><\/span>, nuestras <span style=\"color: #3366ff;\"><a style=\"color: #3366ff;\" href=\"https:\/\/asimtria.org\/wiskakuayllu\/?page_id=80\">contrase\u00f1as<\/a>,<\/span> <a href=\"https:\/\/asimtria.org\/wiskakuayllu\/?page_id=82\"><span style=\"color: #3366ff;\">redes<\/span> <span style=\"color: #3366ff;\">sociales<\/span><\/a> y aplicaciones de <a href=\"https:\/\/asimtria.org\/wiskakuayllu\/?page_id=84\"><span style=\"color: #3366ff;\">mensajer\u00eda<\/span> <span style=\"color: #3366ff;\">instant\u00e1nea<\/span><\/a>, complementadas con rutas adicionales en espa\u00f1ol y entrevistas a expertas.<br \/>\n<\/em><\/p>\n<h3><span style=\"color: #993300;\"><strong>\u00d1ankuna <span style=\"color: #000000;\">\/ Rutas<\/span><\/strong><\/span><em><br \/>\n<\/em><\/h3>\n<p><span style=\"color: #3366ff;\"><a style=\"color: #3366ff;\" href=\"https:\/\/es.wikipedia.org\/wiki\/Quechua_ayacuchano\" target=\"_blank\" rel=\"noopener\">Quechua Chanka<\/a><\/span><br \/>\n<span style=\"color: #3366ff;\"><a style=\"color: #3366ff;\" href=\"https:\/\/es.wikipedia.org\/wiki\/Espa%C3%B1ol_andino\" target=\"_blank\" rel=\"noopener\">Espa\u00f1ol Andino<\/a><\/span><\/p>\n<p><span style=\"color: #993300;\"><img loading=\"lazy\" decoding=\"async\" class=\"size-full wp-image-37 aligncenter\" src=\"https:\/\/asimtria.org\/wiskakuayllu\/wp-content\/uploads\/sites\/15\/2020\/11\/creditos.png\" alt=\"\" width=\"664\" height=\"121\" srcset=\"https:\/\/asimtria.org\/wiskakuayllu\/wp-content\/uploads\/sites\/15\/2020\/11\/creditos.png 664w, https:\/\/asimtria.org\/wiskakuayllu\/wp-content\/uploads\/sites\/15\/2020\/11\/creditos-300x55.png 300w\" sizes=\"auto, (max-width: 664px) 100vw, 664px\" \/><\/span><\/p>\n<h3 style=\"text-align: center;\"><span style=\"color: #000000;\"><strong>Ayllu<\/strong><\/span><\/h3>\n<p style=\"text-align: center;\"><span style=\"color: #000000;\">Neufa Q. Garc\u00eda &amp; Natalia Mart\u00ednez (Qelqaq)<\/span><br \/>\n<span style=\"color: #000000;\">Maribet Berrocal (Rimaq)<\/span><br \/>\n<span style=\"color: #000000;\">Fabrizio D\u00e1vila (Takiq)<\/span><br \/>\n<span style=\"color: #000000;\">Luis Paucar (Qichwaman tikrachiq, Rimariq)<\/span><br \/>\n<span style=\"color: #000000;\">Katitza Rodr\u00edguez, Laidy Vivian Bautista (Seguridad Digital yachachiq)<\/span><br \/>\n<span style=\"color: #000000;\">Danessda Rojas, Irma Cabrera, Jaiflor Arag\u00f3n &amp; Vladimir Salinas (Rimariq)<\/span><br \/>\n<span style=\"color: #000000;\">Milagros Saldarriaga (Tinkuq, Podcast)<\/span><br \/>\n<span style=\"color: #000000;\">Marco Valdivia (Allichaq)<\/span><\/p>\n<h3 style=\"text-align: center;\"><b><span style=\"color: #993300;\">\u00a1Kay maytuna astakuykuy!<\/span><br \/>\n<\/b>\u00a1Copia\u00a0 este contenido!<\/h3>\n<p style=\"text-align: center;\">Los audios y videos que componen esta publicaci\u00f3n se comparten con licencias que permiten y animan la copia, la distribuci\u00f3n libre y la realizaci\u00f3n de obras derivadas, siempre y cuando se mencione la fuente y se distribuya bajo las mismas licencias libres.<\/p>\n<p style=\"text-align: center;\"><a href=\"https:\/\/creativecommons.org\/licenses\/by\/4.0\/deed.es\"><img loading=\"lazy\" decoding=\"async\" class=\"aligncenter\" src=\"http:\/\/asimtria.org\/archivolat\/wp-content\/uploads\/sites\/11\/by-nc-sa-e1507079329526.png\" alt=\"\" width=\"100\" height=\"35\" \/><\/a><a href=\"https:\/\/creativecommons.org\/licenses\/by\/4.0\/deed.es\" target=\"_blank\" rel=\"noopener\"><span style=\"color: #3366ff;\">https:\/\/creativecommons.org\/licenses\/by\/4.0\/deed.es<\/span><\/a><\/p>\n","protected":false},"excerpt":{"rendered":"<p>Wiskaku aylluqa chanka qichwapim uyarinapaq rikunapaqpas video willakuy, chaynallataq anti kastilla simipipas, allin willakuykunata riqsichinapaq aswan kikinchik, anti ayllukuna ima munasqanchiktapas, kay sasachakuy digitalkunamanta allinta lluqsinanchikpaq, chaynallataq allin seguridadwan imatapas allichaykunamanta, kikinchik suyunchikpa ukunpi kallpanchaspa, tukuy ima yachayninchikkunata pikunamanpas mastarichinapaq, Sumaq Yachayninchikwan, Sumaq Kawsayninchikwanpas. Kaypiqa, Ayllunchikwan riqsichiqusqanchikmantam silularkunawan internetwanpas willakuyta riqsikunchik, chayraykum tukuy ima runamasinchik &hellip; <a href=\"https:\/\/asimtria.org\/wiskakuayllu\/\" class=\"more-link\">Seguir leyendo <span class=\"screen-reader-text\">\u00bfImatataq Seguridad Digitalmanta yachanchik?<\/span> <span class=\"meta-nav\">&rarr;<\/span><\/a><\/p>\n","protected":false},"author":1,"featured_media":0,"parent":0,"menu_order":0,"comment_status":"closed","ping_status":"open","template":"","meta":{"footnotes":""},"class_list":["post-2","page","type-page","status-publish","hentry"],"_links":{"self":[{"href":"https:\/\/asimtria.org\/wiskakuayllu\/index.php?rest_route=\/wp\/v2\/pages\/2","targetHints":{"allow":["GET"]}}],"collection":[{"href":"https:\/\/asimtria.org\/wiskakuayllu\/index.php?rest_route=\/wp\/v2\/pages"}],"about":[{"href":"https:\/\/asimtria.org\/wiskakuayllu\/index.php?rest_route=\/wp\/v2\/types\/page"}],"author":[{"embeddable":true,"href":"https:\/\/asimtria.org\/wiskakuayllu\/index.php?rest_route=\/wp\/v2\/users\/1"}],"replies":[{"embeddable":true,"href":"https:\/\/asimtria.org\/wiskakuayllu\/index.php?rest_route=%2Fwp%2Fv2%2Fcomments&post=2"}],"version-history":[{"count":27,"href":"https:\/\/asimtria.org\/wiskakuayllu\/index.php?rest_route=\/wp\/v2\/pages\/2\/revisions"}],"predecessor-version":[{"id":201,"href":"https:\/\/asimtria.org\/wiskakuayllu\/index.php?rest_route=\/wp\/v2\/pages\/2\/revisions\/201"}],"wp:attachment":[{"href":"https:\/\/asimtria.org\/wiskakuayllu\/index.php?rest_route=%2Fwp%2Fv2%2Fmedia&parent=2"}],"curies":[{"name":"wp","href":"https:\/\/api.w.org\/{rel}","templated":true}]}}