{"id":7065,"date":"2026-09-03T18:42:32","date_gmt":"2026-09-03T16:42:32","guid":{"rendered":"https:\/\/asimtria.org\/pumpum\/?page_id=7065"},"modified":"2026-09-03T20:23:24","modified_gmt":"2026-09-03T18:23:24","slug":"territorio-memoria-nuevos-medios-y-tecnologias-libres","status":"publish","type":"page","link":"https:\/\/asimtria.org\/pumpum\/","title":{"rendered":"Territorio, Memoria, Nuevos medios y Tecnolog\u00edas Libres"},"content":{"rendered":"<hr \/>\n<p><b>Pumpumyachkan tinkuy<\/b> es un tiempo y espacio en el territorio andino, de sostenimiento colectivo, colaboraci\u00f3n y coexistencia, dedicado a la exploraci\u00f3n de saberes, conocimientos y experiencias en la creaci\u00f3n audiovisual y sonora, desde un enfoque en las tecnolog\u00edas y en las comunidades que las practican y desarrollan, reuniendo personas, colectivos y proyectos que, desde la experimentaci\u00f3n con estas herramientas, exploran tem\u00e1ticas relativas a <strong>la Memoria y el Territorio<\/strong>.<\/p>\n<hr \/>\n<p><img loading=\"lazy\" decoding=\"async\" src=\"https:\/\/asimtria.org\/pumpum\/wp-content\/uploads\/sites\/14\/2026\/09\/portadapumpum27_web.jpg\" alt=\"\" width=\"750\" height=\"750\" class=\"alignnone size-full wp-image-7077\" srcset=\"https:\/\/asimtria.org\/pumpum\/wp-content\/uploads\/sites\/14\/2026\/09\/portadapumpum27_web.jpg 750w, https:\/\/asimtria.org\/pumpum\/wp-content\/uploads\/sites\/14\/2026\/09\/portadapumpum27_web-300x300.jpg 300w, https:\/\/asimtria.org\/pumpum\/wp-content\/uploads\/sites\/14\/2026\/09\/portadapumpum27_web-150x150.jpg 150w, https:\/\/asimtria.org\/pumpum\/wp-content\/uploads\/sites\/14\/2026\/09\/portadapumpum27_web-50x50.jpg 50w\" sizes=\"auto, (max-width: 750px) 100vw, 750px\" \/><\/p>\n<hr \/>\n<h1><strong>Laboratorio de creaci\u00f3n con nuevos medios<\/strong><\/h1>\n<h3>URUBAMBA | OCTUBRE 2026 &#8211; ENERO 2027<\/h3>\n<hr \/>\n<p>El Laboratorio es un espacio de creaci\u00f3n y exploraci\u00f3n de medios interactivos e inmersivos, a partir de pr\u00e1cticas creativas y saberes relacionados con el territorio y la memoria, con la finalidad de desarrollar proyectos que se integren en una obra audiovisual colaborativa compartida durante el tinkuy en enero 2027. Esta dirigido a personas que habiten las provincias de <strong>Urubamba, Calca, Anta, Cusco y otros territorios cercanos<\/strong>, y que desarrollen alguna pr\u00e1ctica creativa vinculada al territorio que habita, como siembra y tecnolog\u00edas agricolas, reciclaje y proceso de materiales, textiles, m\u00fasica y sonido, movimiento y danza, escritura, dise\u00f1o, artes pl\u00e1sticas y otras.<\/p>\n<p>Ser\u00e1n seleccionadas 4 personas, quienes recibir\u00e1n una formaci\u00f3n experiencial de diversas herramientas interactivas e inmersivas enfocadas en el video360\u00ba, la fotogrametr\u00eda, y la construcci\u00f3n con electr\u00f3nica a partir de microcontroladores. Esta formaci\u00f3n y el posterior acompa\u00f1amiento t\u00e9cnico esta a cargo de Pumpumyachkan e incluye tambi\u00e9n la disponibilidad de equipos y un fondo b\u00e1sico de 500 soles para el desarrollo de cada uno de los proyectos y su posterior montaje.<\/p>\n<p>Cada una de las personas seleccionadas deber\u00e1 compartir tambi\u00e9n un taller con el resto de participantes con la finalidad de formarles experiencialmente en su propia pr\u00e1ctica o saber. Estos talleres buscan promover el intercambio y transferir las posibilidades de cada una de las pr\u00e1cticas como insumo para una creaci\u00f3n colaborativa que integre 4 personas, 4 pr\u00e1cticas y 4 proyectos diferentes en una \u00fanica creaci\u00f3n mostrada a manera de instalaci\u00f3n audiovisual.<\/p>\n<p><strong>Fechas importantes:<\/strong><\/p>\n<p>Cierre de convocatoria : 24 de setiembre 2026<br \/>\nAnuncio de personas seleccionadas : 2 octubre 2026<br \/>\nTalleres presenciales en Urubamba : 17, 24 y 31 de octubre, 21 y 28 de noviembre, 5 y 12 de diciembre 2026 | 10 &#8211; 18hrs<br \/>\nDesarrollo proyectos : 15 diciembre 2026 &#8211; 15 enero 2027<br \/>\nMuestra : 28 &#8211; 30 enero 2027<\/p>\n<hr \/>\n<h2><strong>APLICACIONES<\/strong><\/h2>\n<hr \/>\n","protected":false},"excerpt":{"rendered":"<p>Pumpumyachkan tinkuy es un tiempo y espacio en el territorio andino, de sostenimiento colectivo, colaboraci\u00f3n y coexistencia, dedicado a la exploraci\u00f3n de saberes, conocimientos y experiencias en la creaci\u00f3n audiovisual y sonora, desde un enfoque en las tecnolog\u00edas y en las comunidades que las practican y desarrollan, reuniendo personas, colectivos y proyectos que, desde la&#8230;<\/p>\n","protected":false},"author":1,"featured_media":0,"parent":0,"menu_order":0,"comment_status":"closed","ping_status":"closed","template":"","meta":{"footnotes":""},"class_list":["post-7065","page","type-page","status-publish","hentry"],"_links":{"self":[{"href":"https:\/\/asimtria.org\/pumpum\/index.php?rest_route=\/wp\/v2\/pages\/7065","targetHints":{"allow":["GET"]}}],"collection":[{"href":"https:\/\/asimtria.org\/pumpum\/index.php?rest_route=\/wp\/v2\/pages"}],"about":[{"href":"https:\/\/asimtria.org\/pumpum\/index.php?rest_route=\/wp\/v2\/types\/page"}],"author":[{"embeddable":true,"href":"https:\/\/asimtria.org\/pumpum\/index.php?rest_route=\/wp\/v2\/users\/1"}],"replies":[{"embeddable":true,"href":"https:\/\/asimtria.org\/pumpum\/index.php?rest_route=%2Fwp%2Fv2%2Fcomments&post=7065"}],"version-history":[{"count":10,"href":"https:\/\/asimtria.org\/pumpum\/index.php?rest_route=\/wp\/v2\/pages\/7065\/revisions"}],"predecessor-version":[{"id":7078,"href":"https:\/\/asimtria.org\/pumpum\/index.php?rest_route=\/wp\/v2\/pages\/7065\/revisions\/7078"}],"wp:attachment":[{"href":"https:\/\/asimtria.org\/pumpum\/index.php?rest_route=%2Fwp%2Fv2%2Fmedia&parent=7065"}],"curies":[{"name":"wp","href":"https:\/\/api.w.org\/{rel}","templated":true}]}}

Territorio, Memoria, Nuevos medios y Tecnologías Libres

<hr />
<p><b>Pumpumyachkan tinkuy</b> es un tiempo y espacio en el territorio andino, de sostenimiento colectivo, colaboración y coexistencia, dedicado a la exploración de saberes, conocimientos y experiencias en la creación audiovisual y sonora, desde un enfoque en las tecnologías y en las comunidades que las practican y desarrollan, reuniendo personas, colectivos y proyectos que, desde la experimentación con estas herramientas, exploran temáticas relativas a <strong>la Memoria y el Territorio</strong>.</p>
<hr />
<p><img loading="lazy" decoding="async" src="https://asimtria.org/pumpum/wp-content/uploads/sites/14/2026/09/portadapumpum27_web.jpg" alt="" width="750" height="750" class="alignnone size-full wp-image-7077" srcset="https://asimtria.org/pumpum/wp-content/uploads/sites/14/2026/09/portadapumpum27_web.jpg 750w, https://asimtria.org/pumpum/wp-content/uploads/sites/14/2026/09/portadapumpum27_web-300x300.jpg 300w, https://asimtria.org/pumpum/wp-content/uploads/sites/14/2026/09/portadapumpum27_web-150x150.jpg 150w, https://asimtria.org/pumpum/wp-content/uploads/sites/14/2026/09/portadapumpum27_web-50x50.jpg 50w" sizes="auto, (max-width: 750px) 100vw, 750px" /></p>
<hr />
<h1><strong>Laboratorio de creación con nuevos medios</strong></h1>
<h3>URUBAMBA | OCTUBRE 2026 &#8211; ENERO 2027</h3>
<hr />
<p>El Laboratorio es un espacio de creación y exploración de medios interactivos e inmersivos, a partir de prácticas creativas y saberes relacionados con el territorio y la memoria, con la finalidad de desarrollar proyectos que se integren en una obra audiovisual colaborativa compartida durante el tinkuy en enero 2027. Esta dirigido a personas que habiten las provincias de <strong>Urubamba, Calca, Anta, Cusco y otros territorios cercanos</strong>, y que desarrollen alguna práctica creativa vinculada al territorio que habita, como siembra y tecnologías agricolas, reciclaje y proceso de materiales, textiles, música y sonido, movimiento y danza, escritura, diseño, artes plásticas y otras.</p>
<p>Serán seleccionadas 4 personas, quienes recibirán una formación experiencial de diversas herramientas interactivas e inmersivas enfocadas en el video360º, la fotogrametría, y la construcción con electrónica a partir de microcontroladores. Esta formación y el posterior acompañamiento técnico esta a cargo de Pumpumyachkan e incluye también la disponibilidad de equipos y un fondo básico de 500 soles para el desarrollo de cada uno de los proyectos y su posterior montaje.</p>
<p>Cada una de las personas seleccionadas deberá compartir también un taller con el resto de participantes con la finalidad de formarles experiencialmente en su propia práctica o saber. Estos talleres buscan promover el intercambio y transferir las posibilidades de cada una de las prácticas como insumo para una creación colaborativa que integre 4 personas, 4 prácticas y 4 proyectos diferentes en una única creación mostrada a manera de instalación audiovisual.</p>
<p><strong>Fechas importantes:</strong></p>
<p>Cierre de convocatoria : 24 de setiembre 2026<br />
Anuncio de personas seleccionadas : 2 octubre 2026<br />
Talleres presenciales en Urubamba : 17, 24 y 31 de octubre, 21 y 28 de noviembre, 5 y 12 de diciembre 2026 | 10 &#8211; 18hrs<br />
Desarrollo proyectos : 15 diciembre 2026 &#8211; 15 enero 2027<br />
Muestra : 28 &#8211; 30 enero 2027</p>
<hr />
<h2><strong>APLICACIONES</strong></h2>
<hr />

<p>Pumpumyachkan tinkuy es un tiempo y espacio en el territorio andino, de sostenimiento colectivo, colaboración y coexistencia, dedicado a la exploración de saberes, conocimientos y experiencias en la creación audiovisual y sonora, desde un enfoque en las tecnologías y en las comunidades que las practican y desarrollan, reuniendo personas, colectivos y proyectos que, desde la&#8230;</p>
