{"id":3921,"date":"2024-02-07T00:49:55","date_gmt":"2024-02-06T23:49:55","guid":{"rendered":"https:\/\/asimtria.org\/pumpum\/?page_id=3921"},"modified":"2024-09-27T16:22:10","modified_gmt":"2024-09-27T14:22:10","slug":"performances-audiovisuales-pumpumyachkan-2024","status":"publish","type":"page","link":"https:\/\/asimtria.org\/pumpum\/?page_id=3921","title":{"rendered":"Conciertos Audiovisuales Pumpumyachkan 2024"},"content":{"rendered":"<hr \/>\n<p>Yanahuara + Urubamba, 06 &#8211; 10 mayo<\/p>\n<hr \/>\n<h2><strong><a class=\"arpw-title\" href=\"https:\/\/asimtria.org\/pumpum\/?p=3842\" target=\"_blank\" rel=\"bookmark noopener\">(la f\u00f3rmula) [PE]<\/a><\/strong><\/h2>\n<p>&nbsp;<\/p>\n\n<p>&nbsp;<\/p>\n<p><iframe loading=\"lazy\" title=\"(la f\u00f3rmula)\" width=\"640\" height=\"360\" src=\"https:\/\/www.youtube.com\/embed\/d732t_-FGRY?feature=oembed\" frameborder=\"0\" allow=\"accelerometer; autoplay; clipboard-write; encrypted-media; gyroscope; picture-in-picture; web-share\" referrerpolicy=\"strict-origin-when-cross-origin\" allowfullscreen><\/iframe><\/p>\n<hr \/>\n<h2><strong>Laberintos del Quila<br \/>\n<a class=\"arpw-title\" href=\"https:\/\/asimtria.org\/pumpum\/?p=3821\" target=\"_blank\" rel=\"bookmark noopener\">Camila Cijka [CL]<\/a><\/strong><\/h2>\n<p>Performance audiovisual basada en cartograf\u00edas sonoras geolocalizadas realizadas en las costas de la regi\u00f3n del Biob\u00edo, en Chile, generando un cuerpo de archivo a partir de derivas reflexivas que buscaron reconocer, referenciar y representar a trav\u00e9s de una narrativa laber\u00edntica e iterativa, la auralidad de un ecosistema en crisis, potenciado a su vez por el enlace sonido y visualizaci\u00f3n.<\/p>\n<p>&nbsp;<\/p>\n\n<p>&nbsp;<\/p>\n<p><iframe loading=\"lazy\" title=\"Camila Cijka - Laberintos del Quila\" width=\"640\" height=\"360\" src=\"https:\/\/www.youtube.com\/embed\/JaZFmoaBgUo?start=1459&#038;feature=oembed\" frameborder=\"0\" allow=\"accelerometer; autoplay; clipboard-write; encrypted-media; gyroscope; picture-in-picture; web-share\" referrerpolicy=\"strict-origin-when-cross-origin\" allowfullscreen><\/iframe><\/p>\n<hr \/>\n<h2><strong><a href=\"https:\/\/asimtria.org\/pumpum\/?p=3641\">Gabriela Mungu\u00eda [MX\/AR]<\/a> + <a href=\"https:\/\/asimtria.org\/pumpum\/?p=2476\">Angel Salazar [EC\/AR]<\/a> + <a href=\"https:\/\/asimtria.org\/pumpum\/?p=3812\">Kapachita [CO]<\/a><\/strong><\/h2>\n<p>&nbsp;<\/p>\n\n<p>&nbsp;<\/p>\n<p><iframe loading=\"lazy\" title=\"Gabriela Mungu\u00eda @angelsalazar3022 @kapachita\" width=\"640\" height=\"360\" src=\"https:\/\/www.youtube.com\/embed\/xL7LoUSC-sc?feature=oembed\" frameborder=\"0\" allow=\"accelerometer; autoplay; clipboard-write; encrypted-media; gyroscope; picture-in-picture; web-share\" referrerpolicy=\"strict-origin-when-cross-origin\" allowfullscreen><\/iframe><\/p>\n<hr \/>\n<h2><strong><a href=\"https:\/\/asimtria.org\/pumpum\/?p=873\">T4k4u [PE]<\/a><\/strong><\/h2>\n<p>&nbsp;<\/p>\n\n<p>&nbsp;<\/p>\n<p><iframe loading=\"lazy\" title=\"T4k4u\" width=\"640\" height=\"360\" src=\"https:\/\/www.youtube.com\/embed\/jFZtLYoVIyU?feature=oembed\" frameborder=\"0\" allow=\"accelerometer; autoplay; clipboard-write; encrypted-media; gyroscope; picture-in-picture; web-share\" referrerpolicy=\"strict-origin-when-cross-origin\" allowfullscreen><\/iframe><\/p>\n<hr \/>\n<h2><strong><a href=\"https:\/\/asimtria.org\/pumpum\/?p=1943\">Eleazar Herrera [PE]<\/a><\/strong><\/h2>\n<p>&nbsp;<\/p>\n\n<p>&nbsp;<\/p>\n<p><iframe loading=\"lazy\" title=\"Eleazar Herrera\" width=\"640\" height=\"360\" src=\"https:\/\/www.youtube.com\/embed\/UbLyHkHaV7A?feature=oembed\" frameborder=\"0\" allow=\"accelerometer; autoplay; clipboard-write; encrypted-media; gyroscope; picture-in-picture; web-share\" referrerpolicy=\"strict-origin-when-cross-origin\" allowfullscreen><\/iframe><\/p>\n<hr \/>\n<h2>Territorios entre la espectralidad de lo extinto y la materialidad de lo existente<br \/>\n<a href=\"https:\/\/asimtria.org\/pumpum\/?p=3812\">Kapachita [CO]<\/a><\/h2>\n<p>Entendemos el cuidado de la memoria colectiva como el micelio que alimenta, nutre y fortalece la vida y la comunicaci\u00f3n entre los seres que habitan una comunidad. Buscamos recuperar nuestras ra\u00edces e historia, explorando formas de crecer juntas y perpetuar las redes que nos conectan con los saberes tradicionales que a\u00fan perduran y aquellos en peligro de extinci\u00f3n debido a la fractura en la tradici\u00f3n oral, producto de din\u00e1micas colonialistas en las que lo no escrito es considerado inexistente. Este desaf\u00edo se refleja no solo en la preservaci\u00f3n de la memoria cultural, sino tambi\u00e9n en la biodiversidad, amenazada de desaparecer.<\/p>\n<p>&nbsp;<\/p>\n\n<hr \/>\n<h2>Concierto para las m\u00e1quinas del futuro<br \/>\n<a href=\"https:\/\/asimtria.org\/pumpum\/?p=3828\">Pen\u00faltimo Balneario [BO]<\/a><\/h2>\n<p>Exploraci\u00f3n de Objetos Documentales en torno a mundos maqu\u00ednicos y electr\u00f3nica DIY, que deviene en un performance de activaci\u00f3n sonora, que sucede a partir del contacto de 4 humanxs frente a diversas chatarras, cachivaches, y otros objetos recolectados. Es una exploraci\u00f3n donde detonan cuestionantes en torno a la relaci\u00f3n de lo humano con lo maqu\u00ednico&#8230; \u00bfDe d\u00f3nde vienen los objetos que habitan este mundo?, \u00bfqu\u00e9 eran antes estos pedazos corro\u00eddos por el tiempo?, \u00bfde qui\u00e9nes eran?, \u00bfc\u00f3mo funcionaban?, \u00bfd\u00f3nde fueron fabricados?, \u00bfde qu\u00e9 materiales est\u00e1n hechos? , \u00bfde d\u00f3nde vienen esos materiales?, \u00bfC\u00faales son los procesos de extracci\u00f3n?, \u00bfc\u00f3mo se inscriben en el sistema mundo de producci\u00f3n, mercado, trabajo y extractivismo?, \u00bfC\u00faan cyborg somos actualmente?<\/p>\n<p>En este sentido, cada objeto es un archivo, tiempos hist\u00f3ricos traslapados y superpuestos. La modernidad, el extractivismo y Potos\u00ed, el tercer mundo, las m\u00e1quinas y los luditas, la ia, las cooperativas de oro, los circuitos y las chatarras.<\/p>\n<p>\u00ab&#8230; y entre todo esto, existe un nosotrxs habitando este presente denso, tratando de arruidar nuestros d\u00edas mientras entendemos que la pr\u00e1ctica art\u00edstica y la investigaci\u00f3n tambi\u00e9n son (a)puestas pol\u00edticas de habitar ludi(ta)camente el presente\u00bb<\/p>\n<p>&nbsp;<\/p>\n\n<hr \/>\n","protected":false},"excerpt":{"rendered":"<p>Yanahuara + Urubamba, 06 &#8211; 10 mayo (la f\u00f3rmula) [PE] &nbsp; &nbsp; Laberintos del Quila Camila Cijka [CL] Performance audiovisual basada en cartograf\u00edas sonoras geolocalizadas realizadas en las costas de la regi\u00f3n del Biob\u00edo, en Chile, generando un cuerpo de archivo a partir de derivas reflexivas que buscaron reconocer, referenciar y representar a trav\u00e9s de&#8230;<\/p>\n","protected":false},"author":1,"featured_media":0,"parent":0,"menu_order":0,"comment_status":"closed","ping_status":"closed","template":"","meta":{"footnotes":""},"class_list":["post-3921","page","type-page","status-publish","hentry"],"_links":{"self":[{"href":"https:\/\/asimtria.org\/pumpum\/index.php?rest_route=\/wp\/v2\/pages\/3921","targetHints":{"allow":["GET"]}}],"collection":[{"href":"https:\/\/asimtria.org\/pumpum\/index.php?rest_route=\/wp\/v2\/pages"}],"about":[{"href":"https:\/\/asimtria.org\/pumpum\/index.php?rest_route=\/wp\/v2\/types\/page"}],"author":[{"embeddable":true,"href":"https:\/\/asimtria.org\/pumpum\/index.php?rest_route=\/wp\/v2\/users\/1"}],"replies":[{"embeddable":true,"href":"https:\/\/asimtria.org\/pumpum\/index.php?rest_route=%2Fwp%2Fv2%2Fcomments&post=3921"}],"version-history":[{"count":15,"href":"https:\/\/asimtria.org\/pumpum\/index.php?rest_route=\/wp\/v2\/pages\/3921\/revisions"}],"predecessor-version":[{"id":5204,"href":"https:\/\/asimtria.org\/pumpum\/index.php?rest_route=\/wp\/v2\/pages\/3921\/revisions\/5204"}],"wp:attachment":[{"href":"https:\/\/asimtria.org\/pumpum\/index.php?rest_route=%2Fwp%2Fv2%2Fmedia&parent=3921"}],"curies":[{"name":"wp","href":"https:\/\/api.w.org\/{rel}","templated":true}]}}